 the prime factors of h.
2, 3, 401
Let v(h) = 210 + 2*h - 2*h**3 + 8*h**3 - 214 - h**2. What are the prime factors of v(3)?
5, 31
Suppose 24 - 23 = -q. What are the prime factors of (5 - q) + -2 - -202?
2, 103
Let u be (-15)/20 + (-951)/12. Let o = 120 + u. List the prime factors of o.
2, 5
Suppose 16926 = 5*v + 4*j, -4*v + 3*j + 9788 = -3759. What are the prime factors of v?
2, 1693
Let g(k) = -2*k + 3. Let a be g(3). Let c(b) be the second derivative of -5*b**3/3 - 2*b**2 - 4*b. List the prime factors of c(a).
2, 13
Let i = -3346 - -8438. List the prime factors of i.
2, 19, 67
Let l(v) = 491*v - 291. List the prime factors of l(6).
3, 5, 59
Let m(r) = 1. Let d(b) = -9 - 11 + 2 - 3*b - 4*b. Let h(z) = d(z) + 6*m(z). What are the prime factors of h(-6)?
2, 3, 5
Let i(h) = -4*h + 17. Let q be i(3). Suppose -5*z + 400 = -q*t, -2*t - 330 = -7*z + 3*z. List the prime factors of z.
5, 17
Suppose 2*h - 22 = -0*h. Suppose h*b - 3*b = -136. Let a = b - -65. List the prime factors of a.
2, 3
Let y(u) = 7*u - 13. Let l be y(12). Let g = l + 45. List the prime factors of g.
2, 29
Suppose -63*q + 65*q - 1452 = 0. List the prime factors of q.
2, 3, 11
Let z be (-4)/18 - (-7)/(-9). Suppose -3*d - 5*g + 18 + 22 = 0, 54 = 5*d + 2*g. Let k = d - z. What are the prime factors of k?
11
Let r = -82 - -513. List the prime factors of r.
431
Suppose 88 + 199 = -3*s + 4*i, 4 = -i. Let h = -67 - s. What are the prime factors of h?
2, 17
Let d = -9 - -43. What are the prime factors of ((-1037)/d)/((-2)/4)?
61
Let u(f) = -f**3 - 3*f**2 + 4*f + 3. Let y = 37 + -41. What are the prime factors of u(y)?
3
Let i(s) = 4 + 26*s + 20*s - 38 - 11*s. What are the prime factors of i(7)?
211
Let x = 47 - 41. Suppose -4*r + 4*s = -200, 2*r - s = x*r - 210. What are the prime factors of r?
2, 13
Let a = -1 - -5. Suppose 0 = -0*s + a*s - 204. Suppose 0 = -2*h - 3*t + s, -4*h - 5*t + 15 = -3*h. List the prime factors of h.
2, 3, 5
Let b be (-1)/6 - (-57)/18. Let c(u) = -u + 17 + u**3 - 10*u**2 + 0*u**b - 2*u**3 - 5*u**2. List the prime factors of c(-15).
2
Let h be 26 + (-5)/(-1) + -4. Let p be 8/(-36) - (-87)/h. List the prime factors of (p*27/(-3))/(-1).
3
Let q(u) = -4*u**3 + 4*u**2 - 19. List the prime factors of q(-5).
7, 83
Suppose 4*g = -8, -3*n - 2*g + 4*g = -376. What are the prime factors of n?
2, 31
Let u(n) = -n**3 - 17*n**2 - 28*n - 23. Let w be u(-17). Suppose -6*s + 1785 = w. What are the prime factors of s?
2, 3, 37
Suppose -5*k - 276 = 4*q - 3564, 2435 = 3*q - 4*k. What are the prime factors of q?
19, 43
Let d(k) be the third derivative of -k**6/120 + 7*k**5/30 - 17*k**4/24 + 3*k**3 - 2*k**2. Let p be d(12). Let h = p - 64. What are the prime factors of h?
2, 19
Suppose -t - 10*h + 6*h = -751, 4*t - 2*h - 2968 = 0. What are the prime factors of t?
743
Let t be (-44)/6 - 6/(-18). List the prime factors of (-73)/t - -8*5/70.
11
List the prime factors of 9*13/((-117)/(-498)).
2, 3, 83
Let t = -2135 + 3276. Suppose -22*k + 15*k = -t. List the prime factors of k.
163
Let b be (-2)/3 + 10/6. Let z(r) = 8*r**2 - 6 + 16*r - 3*r - b - r**3. What are the prime factors of z(9)?
29
Suppose 8*j = 90 + 110. Let i = j + 63. What are the prime factors of i?
2, 11
Let t(g) = 8*g**2 - 2*g + 14. What are the prime factors of t(7)?
2, 7
Let a = -5 + 3. Let q be (3/a)/(2/(-4)). Suppose q*u = 3 - 0, 5*u = -i + 44. What are the prime factors of i?
3, 13
Let n be 1/3 + -7*4/12. List the prime factors of 221 + 4 + -5 + n.
2, 109
Suppose 28*l + 6*l - 51272 = 0. List the prime factors of l.
2, 13, 29
Suppose -1394 = -7*p + 4367. List the prime factors of p.
823
Suppose 15 + 145 = 32*a. Let d(s) = -4*s**2 - 4*s**3 + 5*s**3 + 3 - 3*s - 4. What are the prime factors of d(a)?
3
Let w(x) = -x**3 - 19*x**2 - x - 25. Let p be w(-19). Let r(c) = 7*c**2 + 4*c - 23. What are the prime factors of r(p)?
5, 41
Let t(a) = -8*a + 5*a**2 - 4*a**2 - 7*a + 17. List the prime factors of t(18).
71
Let h(x) = x**3 + 21*x**2 + 22*x + 49. Let k be h(-20). Suppose -k*m = 2*m - 3454. List the prime factors of m.
2, 157
Suppose -4*s + 331 + 117 = 2*w, -s = -5*w + 1109. What are the prime factors of w?
2, 3, 37
Suppose 2*c = 5*r - 80, -7*c - 47 = -4*r - 2*c. Let w = r - 16. Suppose -5*f = k + 4 + 13, -3*f - 31 = -w*k. What are the prime factors of k?
2
Suppose -2*v - 38 = 4. Let b = v + 17. List the prime factors of (-2)/b*-6 - -45.
2, 3, 7
Let d = -502 - -771. Let y = 409 - d. List the prime factors of y/2 + (-52)/(-13).
2, 37
Let p = 715 - -616. List the prime factors of p.
11
Let i = -614 - -3363. What are the prime factors of i?
2749
Let i be (-1 + 2)/(12/(-84)). List the prime factors of i/56 - (4710/16)/(-3).
2, 7
Let f(m) = -4*m - 48. Let l be f(-12). Suppose -7*t + 3*t + 364 = l. List the prime factors of t.
7, 13
Let i be ((-24)/9)/4*-6. Suppose -f + 2 + i = 0. Suppose -2*y = -28 - f. List the prime factors of y.
17
Let y(h) = -41*h**3 - h**2 - 5*h - 8. List the prime factors of y(-2).
2, 163
Let z = 29 + -27. Suppose -x + z*u = -100, x = -3*x - 5*u + 361. List the prime factors of x.
2, 47
Suppose -5*d = 2*k + 69 - 1, -3*k - 5*d = 107. Let y = k + 57. What are the prime factors of y?
2, 3
Let a be -5 - (1 + -2 - 1). Let l = -170 - 64. What are the prime factors of l/a*(-1)/(-3)?
2, 13
Suppose 0 = 3*y - 6*y + 306. Let s = 30 + y. What are the prime factors of s?
2, 3, 11
Suppose -4*y + 6*y = -272. Let z = y - -203. List the prime factors of z.
67
Suppose 5*p - 13*q = -11*q + 931, -q + 182 = p. What are the prime factors of p?
5, 37
Suppose -3*o - 108 = 3*p, 2*o = -2*p + p - 40. Let r = p + 18. Let d = 64 + r. What are the prime factors of d?
2, 5
Let d(k) = -k**2 + 2*k + 2. Let s be d(2). Suppose 4*t = -3*f + 543, -s*f = -3*t - t + 518. What are the prime factors of t?
2, 3, 11
Let n = 35 + -33. Suppose -3*c = 5*i - 25, -n*i + 3 + 7 = 0. Suppose 6*f + 1 - 277 = c. List the prime factors of f.
2, 23
Let g(m) = 5*m**2 + 7*m + 11. Let y be g(-13). Suppose -i + y = 4*d, -d - i + 114 = -81. List the prime factors of d.
2, 5, 19
Suppose -148 = -5*x - 23. Let u = -14 + x. What are the prime factors of u?
11
Let z(u) = 2*u**2 - 3*u - 2. Let w be z(2). Suppose 7*s - 324 - 922 = w. List the prime factors of s.
2, 89
Let z = -46 + 76. Suppose -10*y - 5360 = -z*y. What are the prime factors of y?
2, 67
Let l(k) = -k**3 - 11*k**2 + 8*k + 12. Let j be l(-11). Let s be (-4)/10 + (-193)/5. Let f = s - j. List the prime factors of f.
37
What are the prime factors of 174/203 - (-2038)/7?
2, 73
Suppose 4*c - 3 = 21. What are the prime factors of c/(-15)*(-48 - 2)?
2, 5
Suppose -5*u + 72 = -a, 0*a - 5*a = u - 4. Let m(x) = 2*x**2 - 18*x - 23. What are the prime factors of m(u)?
3, 13
Let d(c) = 22*c**2 + 5*c - 10. What are the prime factors of d(-5)?
5, 103
Let f(a) = -3*a**3 - 7*a**2 + 9*a - 28. What are the prime factors of f(-8)?
2, 13, 19
Let g(r) = -r**3 + 4*r**2 + 2*r - 6. Let i be g(4). Suppose 0 = i*v + 2*v + u - 482, -3*v - 4*u = -355. List the prime factors of v.
11
Let n(t) = 3*t**3 + 18*t**2 - 4*t + 16. List the prime factors of n(7).
3, 211
Let s(t) = -t**3 + 13*t**2 + 29*t + 19. Let u be s(15). Suppose -u*m - 3*o = -3, 5*o + 27 = 3*m + m. List the prime factors of m.
3
Suppose 58*u = 39*u + 31350. List the prime factors of u.
2, 3, 5, 11
Suppose -1042 - 298 = -10*o. List the prime factors of o.
2, 67
Suppose 16*w = 15*w + 743. What are the prime factors of w/5 + (-60)/100?
2, 37
Let l(j) = 18*j**2 + 3*j - 1. Let x = -109 + 106. List the prime factors of l(x).
2, 19
Let k = -14 - -14. Let r = k + -3. List the prime factors of (11/r)/((-1)/6).
2, 11
Let o = 1385 - -249. What are the prime factors of o?
2, 19, 43
Let z(w) = 2*w**2 + w - 1. Let h(b) = -13*b**2 - 5*b + 8. Let o(d) = -h(d) - 4*z(d). Let m be (-3)/((-1 + 0)/1). List the prime factors of o(m).
2, 11
Suppose -2*c + g = -3389, -8*c = -9*c - 5*g + 1678. List the prime factors of c.
1693
Let h be 1 - 1/2*-4. Suppose 0 = 3*v - p + 78, -5*p - h = -4*p. Let m = v - -45. What are the prime factors of m?
2, 3
Let u be 138/24*2*-2. Let x = 20 - u. List the prime factors of x.
43
Let s = -681 + 1225. List the prime factors of s.
2, 17
Suppose 0*a + 273 = -3*a. Let i be (-4 - -1)*a/3. Suppose 4*h - i = -5*k, -64 = -5*h - 2*k + 37. What are the prime factors of h?
19
